{"id":26527,"date":"2018-06-13T17:23:35","date_gmt":"2018-06-13T15:23:35","guid":{"rendered":"https:\/\/www.fila.it\/ch\/newsletter-subscription\/"},"modified":"2018-06-14T15:38:33","modified_gmt":"2018-06-14T13:38:33","slug":"newsletter-subscription","status":"publish","type":"page","link":"https:\/\/www.fila.it\/ch\/de\/newsletter-subscription\/","title":{"rendered":"NEWSLETTER BESTELLEN"},"content":{"rendered":"<p><strong>Hinweis zur Verarbeitung personenbezogener Daten<\/strong><\/p>\n<p>Diese informative Mitteilung erfolgt gem\u00e4\u00df Artikel 13 und 14 der EU-Verordnung 679\/2016.<\/p>\n<p>Der F.I.L.A.-Newsletter wird per E-Mail an diejenigen versandt, die ihn ausdr\u00fccklich anfordern, indem sie das Formular auf dieser Seite ausf\u00fcllen und damit die F.I.L.A. zur Verarbeitung ihrer pers\u00f6nlichen Daten erm\u00e4chtigen.<\/p>\n<p>Die Angabe personenbezogener Daten ist freiwillig. Bei Weigerung, solche personenbezogenen Daten anzugeben, ist es jedoch unm\u00f6glich, den Newsletter-Service anzubieten.<\/p>\n<p><strong>Zweck der Verarbeitung der personenbezogenen Daten<\/strong><\/p>\n<p>Die von den Nutzern angegebenen personenbezogenen Daten werden ausschlie\u00dflich f\u00fcr den Versand des Newsletters verwendet und nicht an Dritte weitergegeben.<\/p>\n<p><strong>Verarbeitungsmethoden<\/strong><\/p>\n<p>Die gesammelten Daten werden mit Hilfe von Computerprogrammen verarbeitet. Um Datenverlust, unerlaubte oder missbr\u00e4uchliche Verwendung und unbefugten Zugriff zu verhindern, werden geeignete Sicherheitsma\u00dfnahmen ergriffen.<br \/>\nDatenverantwortlicher<\/p>\n<p>Der f\u00fcr die Daten Verantwortliche ist F.I.L.A. &#8211; Fabbrica Italiana Lapis ed Affini S.p.A., mit Sitz in Via XXV Aprile 5 in Pero (MI), ITALIEN. Es wird darauf hingewiesen, dass der Newsletter-Service auch die Dienste von speziell beauftragten Drittunternehmen in Anspruch nimmt. <\/p>\n<p><strong>Rechte des Betroffenen <\/strong><\/p>\n<p>Der Betroffene, auf den sich die personenbezogenen Daten beziehen, kann jederzeit von seinem Recht Gebrauch machen, eine Best\u00e4tigung \u00fcber das Vorhandensein oder Nichtvorhandensein der ihn betreffenden personenbezogenen Daten sowie Angaben \u00fcber deren Inhalt und Herkunft zu erhalten, deren Richtigkeit zu \u00fcberpr\u00fcfen und die Berichtigung, Erg\u00e4nzung oder Aktualisierung der Daten zu verlangen. Der Betroffene hat auch das Recht, die L\u00f6schung oder Umwandlung der Daten in eine anonyme Form oder die Sperrung ihrer Verarbeitung unter Versto\u00df gegen das Gesetz zu verlangen sowie sich ihrer Verarbeitung aus legitimen Gr\u00fcnden zu widersetzen.<\/p>\n","protected":false},"excerpt":{"rendered":"<p>Hinweis zur Verarbeitung personenbezogener Daten Diese informative Mitteilung erfolgt gem\u00e4\u00df Artikel 13 und 14 der EU-Verordnung 679\/2016. Der F.I.L.A.-Newsletter wird per E-Mail an diejenigen versandt, die ihn ausdr\u00fccklich anfordern, indem sie das Formular auf dieser Seite ausf\u00fcllen und damit die &hellip; <a href=\"https:\/\/www.fila.it\/ch\/de\/newsletter-subscription\/\">Weiterlesen<\/a><\/p>\n","protected":false},"author":3,"featured_media":0,"parent":0,"menu_order":0,"comment_status":"closed","ping_status":"closed","template":"","meta":[],"acf":[],"_links":{"self":[{"href":"https:\/\/www.fila.it\/ch\/de\/wp-json\/wp\/v2\/pages\/26527"}],"collection":[{"href":"https:\/\/www.fila.it\/ch\/de\/wp-json\/wp\/v2\/pages"}],"about":[{"href":"https:\/\/www.fila.it\/ch\/de\/wp-json\/wp\/v2\/types\/page"}],"author":[{"embeddable":true,"href":"https:\/\/www.fila.it\/ch\/de\/wp-json\/wp\/v2\/users\/3"}],"replies":[{"embeddable":true,"href":"https:\/\/www.fila.it\/ch\/de\/wp-json\/wp\/v2\/comments?post=26527"}],"version-history":[{"count":2,"href":"https:\/\/www.fila.it\/ch\/de\/wp-json\/wp\/v2\/pages\/26527\/revisions"}],"predecessor-version":[{"id":26553,"href":"https:\/\/www.fila.it\/ch\/de\/wp-json\/wp\/v2\/pages\/26527\/revisions\/26553"}],"wp:attachment":[{"href":"https:\/\/www.fila.it\/ch\/de\/wp-json\/wp\/v2\/media?parent=26527"}],"curies":[{"name":"wp","href":"https:\/\/api.w.org\/{rel}","templated":true}]}}

<p><strong>Hinweis zur Verarbeitung personenbezogener Daten</strong></p>
<p>Diese informative Mitteilung erfolgt gemäß Artikel 13 und 14 der EU-Verordnung 679/2016.</p>
<p>Der F.I.L.A.-Newsletter wird per E-Mail an diejenigen versandt, die ihn ausdrücklich anfordern, indem sie das Formular auf dieser Seite ausfüllen und damit die F.I.L.A. zur Verarbeitung ihrer persönlichen Daten ermächtigen.</p>
<p>Die Angabe personenbezogener Daten ist freiwillig. Bei Weigerung, solche personenbezogenen Daten anzugeben, ist es jedoch unmöglich, den Newsletter-Service anzubieten.</p>
<p><strong>Zweck der Verarbeitung der personenbezogenen Daten</strong></p>
<p>Die von den Nutzern angegebenen personenbezogenen Daten werden ausschließlich für den Versand des Newsletters verwendet und nicht an Dritte weitergegeben.</p>
<p><strong>Verarbeitungsmethoden</strong></p>
<p>Die gesammelten Daten werden mit Hilfe von Computerprogrammen verarbeitet. Um Datenverlust, unerlaubte oder missbräuchliche Verwendung und unbefugten Zugriff zu verhindern, werden geeignete Sicherheitsmaßnahmen ergriffen.<br />
Datenverantwortlicher</p>
<p>Der für die Daten Verantwortliche ist F.I.L.A. &#8211; Fabbrica Italiana Lapis ed Affini S.p.A., mit Sitz in Via XXV Aprile 5 in Pero (MI), ITALIEN. Es wird darauf hingewiesen, dass der Newsletter-Service auch die Dienste von speziell beauftragten Drittunternehmen in Anspruch nimmt. </p>
<p><strong>Rechte des Betroffenen </strong></p>
<p>Der Betroffene, auf den sich die personenbezogenen Daten beziehen, kann jederzeit von seinem Recht Gebrauch machen, eine Bestätigung über das Vorhandensein oder Nichtvorhandensein der ihn betreffenden personenbezogenen Daten sowie Angaben über deren Inhalt und Herkunft zu erhalten, deren Richtigkeit zu überprüfen und die Berichtigung, Ergänzung oder Aktualisierung der Daten zu verlangen. Der Betroffene hat auch das Recht, die Löschung oder Umwandlung der Daten in eine anonyme Form oder die Sperrung ihrer Verarbeitung unter Verstoß gegen das Gesetz zu verlangen sowie sich ihrer Verarbeitung aus legitimen Gründen zu widersetzen.</p>

<p>Hinweis zur Verarbeitung personenbezogener Daten Diese informative Mitteilung erfolgt gemäß Artikel 13 und 14 der EU-Verordnung 679/2016. Der F.I.L.A.-Newsletter wird per E-Mail an diejenigen versandt, die ihn ausdrücklich anfordern, indem sie das Formular auf dieser Seite ausfüllen und damit die &hellip; <a href="https://www.fila.it/ch/de/newsletter-subscription/">Weiterlesen</a></p>
