{"id":28818,"date":"2018-06-20T09:02:25","date_gmt":"2018-06-20T08:02:41","guid":{"rendered":"https:\/\/www.fila.it\/ch\/product\/giotto-turbo-color\/"},"modified":"2018-08-01T18:31:39","modified_gmt":"2018-08-01T16:31:39","slug":"giotto-turbo-color","status":"publish","type":"product","link":"https:\/\/www.fila.it\/ch\/de\/product\/giotto-turbo-color\/","title":{"rendered":"GIOTTO Turbo Color"},"content":{"rendered":"<p>Filzstifte, die eine hohe Farbintensit\u00e4t bieten? Filzstifte, die nicht austrocknen? Die GIOTTO Turbo Color Filzstifte bieten all das und noch viel mehr. Die Filzstifte haben eine feine Faserspitze, die besonders widerstandsf\u00e4hig und langlebig ist. Die GIOTTO Turbo Color Filzstifte sind in 36 intensiv leuchtenden Farben erh\u00e4ltlich, die unbedenklich sind und sich leicht abwaschen lassen. Die Fasermaler verf\u00fcgen \u00fcber eine ventilierte Sicherheitskappe und trocknen dank eines integrierten Austrocknungsschutz nicht aus, auch wenn der Stift mal offen liegen bleibt!<\/p>\n","protected":false},"excerpt":{"rendered":"<p>GIOTTO Turbo Color: leistungsstark und farbintensiv<\/p>\n","protected":false},"featured_media":29500,"comment_status":"closed","ping_status":"open","template":"","meta":[],"product_cat":[4796],"product_tag":[4942,4832,4797],"acf":[],"_links":{"self":[{"href":"https:\/\/www.fila.it\/ch\/de\/wp-json\/wp\/v2\/product\/28818"}],"collection":[{"href":"https:\/\/www.fila.it\/ch\/de\/wp-json\/wp\/v2\/product"}],"about":[{"href":"https:\/\/www.fila.it\/ch\/de\/wp-json\/wp\/v2\/types\/product"}],"replies":[{"embeddable":true,"href":"https:\/\/www.fila.it\/ch\/de\/wp-json\/wp\/v2\/comments?post=28818"}],"wp:featuredmedia":[{"embeddable":true,"href":"https:\/\/www.fila.it\/ch\/de\/wp-json\/wp\/v2\/media\/29500"}],"wp:attachment":[{"href":"https:\/\/www.fila.it\/ch\/de\/wp-json\/wp\/v2\/media?parent=28818"}],"wp:term":[{"taxonomy":"product_cat","embeddable":true,"href":"https:\/\/www.fila.it\/ch\/de\/wp-json\/wp\/v2\/product_cat?post=28818"},{"taxonomy":"product_tag","embeddable":true,"href":"https:\/\/www.fila.it\/ch\/de\/wp-json\/wp\/v2\/product_tag?post=28818"}],"curies":[{"name":"wp","href":"https:\/\/api.w.org\/{rel}","templated":true}]}}

<p>Filzstifte, die eine hohe Farbintensität bieten? Filzstifte, die nicht austrocknen? Die GIOTTO Turbo Color Filzstifte bieten all das und noch viel mehr. Die Filzstifte haben eine feine Faserspitze, die besonders widerstandsfähig und langlebig ist. Die GIOTTO Turbo Color Filzstifte sind in 36 intensiv leuchtenden Farben erhältlich, die unbedenklich sind und sich leicht abwaschen lassen. Die Fasermaler verfügen über eine ventilierte Sicherheitskappe und trocknen dank eines integrierten Austrocknungsschutz nicht aus, auch wenn der Stift mal offen liegen bleibt!</p>
