{"id":28903,"date":"2018-06-20T09:04:47","date_gmt":"2018-06-20T08:05:04","guid":{"rendered":"https:\/\/www.fila.it\/ch\/product\/lyra-rembrandt-aquarell\/"},"modified":"2018-07-16T14:03:23","modified_gmt":"2018-07-16T12:03:23","slug":"lyra-rembrandt-aquarell","status":"publish","type":"product","link":"https:\/\/www.fila.it\/ch\/de\/product\/lyra-rembrandt-aquarell\/","title":{"rendered":"LYRA Rembrandt Aquarell"},"content":{"rendered":"<p>Mit den wasserl\u00f6slichen LYRA Rembrandt Aquarell-Stiften lassen sich brillante Werke erschaffen. Die Farben sind nicht nur intensiv und hochwertig, sondern treffen den Puls der Zeit. Diese speziell f\u00fcr professionelle K\u00fcnstler entwickelten Farbstifte eignen sich f\u00fcr alle Maltechniken. Die 4 mm starken Minen sind hochpigmentiert und dank ihres Gehalts an wachshaltigen Emulgatoren wasserl\u00f6slich. Die besonders hochwertigen Farben lassen sich leicht miteinander mischen und auch im trockenen Zustand verblenden.<\/p>\n","protected":false},"excerpt":{"rendered":"<p>LYRA Rembrandt Aquarell \u2013 professionelle, wasserl\u00f6sliche Farbstifte<\/p>\n","protected":false},"featured_media":26908,"comment_status":"closed","ping_status":"open","template":"","meta":[],"product_cat":[4987],"product_tag":[4998,5075,4988],"acf":[],"_links":{"self":[{"href":"https:\/\/www.fila.it\/ch\/de\/wp-json\/wp\/v2\/product\/28903"}],"collection":[{"href":"https:\/\/www.fila.it\/ch\/de\/wp-json\/wp\/v2\/product"}],"about":[{"href":"https:\/\/www.fila.it\/ch\/de\/wp-json\/wp\/v2\/types\/product"}],"replies":[{"embeddable":true,"href":"https:\/\/www.fila.it\/ch\/de\/wp-json\/wp\/v2\/comments?post=28903"}],"wp:featuredmedia":[{"embeddable":true,"href":"https:\/\/www.fila.it\/ch\/de\/wp-json\/wp\/v2\/media\/26908"}],"wp:attachment":[{"href":"https:\/\/www.fila.it\/ch\/de\/wp-json\/wp\/v2\/media?parent=28903"}],"wp:term":[{"taxonomy":"product_cat","embeddable":true,"href":"https:\/\/www.fila.it\/ch\/de\/wp-json\/wp\/v2\/product_cat?post=28903"},{"taxonomy":"product_tag","embeddable":true,"href":"https:\/\/www.fila.it\/ch\/de\/wp-json\/wp\/v2\/product_tag?post=28903"}],"curies":[{"name":"wp","href":"https:\/\/api.w.org\/{rel}","templated":true}]}}

<p>Mit den wasserlöslichen LYRA Rembrandt Aquarell-Stiften lassen sich brillante Werke erschaffen. Die Farben sind nicht nur intensiv und hochwertig, sondern treffen den Puls der Zeit. Diese speziell für professionelle Künstler entwickelten Farbstifte eignen sich für alle Maltechniken. Die 4 mm starken Minen sind hochpigmentiert und dank ihres Gehalts an wachshaltigen Emulgatoren wasserlöslich. Die besonders hochwertigen Farben lassen sich leicht miteinander mischen und auch im trockenen Zustand verblenden.</p>

<p>LYRA Rembrandt Aquarell – professionelle, wasserlösliche Farbstifte</p>
