{"id":30316,"date":"2018-05-11T11:03:10","date_gmt":"2018-05-11T09:03:10","guid":{"rendered":"https:\/\/www.fila.it\/pt\/lyra_graduate\/"},"modified":"2018-05-11T11:03:10","modified_gmt":"2018-05-11T09:03:10","slug":"lyra_graduate","status":"publish","type":"page","link":"https:\/\/www.fila.it\/pt\/en\/lyra_graduate\/","title":{"rendered":""},"content":{"rendered":"<p style=\"text-align: center;\"><img loading=\"lazy\" class=\"aligncenter size-full wp-image-25423\" src=\"\/up\/sites\/2\/graduate_ic.jpg\" alt=\"Lyra Graduate - A world of living colours\" width=\"1920\" height=\"1130\" \/><\/p>\n<p style=\"margin: 0 15% 2% 15%;\">Esta nova gama \u00e9 <strong>mais pr\u00f3xima de uma linguagem jovem<\/strong>. \u00c9 desenhada para entrar no cora\u00e7\u00e3o de todos os <strong>estudantes e designers entusiastas<\/strong> que querem ver o mundo de outra forma e \u00e9 para aqueles que cresceram na era digital.<\/p>\n<p style=\"text-align: center;\"><img loading=\"lazy\" class=\"aligncenter wp-image-25425\" src=\"\/up\/sites\/2\/graduate_prod_ic.jpg\" alt=\"\" width=\"666\" height=\"128\" \/><\/p>\n<p style=\"margin: 0 15% 2% 15%;\">Com Lyra Graduate, os criativos v\u00e3o conseguir expressar-se atrav\u00e9s de <strong>novos tons e ferramentas<\/strong>.<\/p>\n<p style=\"margin: 0 15% 2% 15%;\">A gama Lyra Graduate inclui:<\/p>\n<ul style=\"margin: 0 15% 2% 15%;\">\n<li style=\"margin-bottom: 2%;\"><strong>Lyra Graduate<\/strong><br \/>\nConjunto de <strong>l\u00e1pis de cor de alta qualidade<\/strong>. Este l\u00e1pis de cor possuem uma mina super resistente e super resistente com 3.8 mm. Fabricados com madeira de Cedro certificada PEFC, s\u00e3o muito f\u00e1ceis de afiar, s\u00e3o dispon\u00edveis em caixas de cart\u00e3o com 12 e 24 cores e em caixas de metal com 12, 24 e 36 cores.<\/li>\n<li style=\"margin-bottom: 2%;\"><strong>Lyra Graduate Acquarell<\/strong><br \/>\nA \u00faltima gera\u00e7\u00e3o de <strong>l\u00e1pis de cor aguarel\u00e1veis f\u00e1ceis de usar<\/strong>, \u2022\tpara criar tons infinitos. Fabricados com madeira de Cedro certificada PEFC s\u00e3o muito f\u00e1ceis de usar, mina com 3,3 mm super resistente. A embalagem inclui um pincel com pelo sint\u00e9tico, ideal para espalhar as cores. Dispon\u00edveis em caixas de metal com 12,24 e 36 cores.<\/li>\n<li style=\"margin-bottom: 2%;\"><strong>Lyra Graduate Fineliner<\/strong><br \/>\nOs fineliners possuem uma <strong>ponta sint\u00e9tica super resistente<\/strong> que permite criar linhas limpas e precisas. Ideal para escrever, desenhar e sublinhar. O seu design \u00fanico torna-os perfeitos para todas as ocasi\u00f5es. Os fineliners cont\u00eam tinta \u00e0 base de \u00e1gua e s\u00e3o dispon\u00edveis em 20 cores brilhantes. S\u00e3o dispon\u00edveis em caixas de metal com 10 e 20 cores, bolsas com 6,12 e 24 cores e tamb\u00e9m em vers\u00e3o unicolor.<\/li>\n<\/ul>\n<p style=\"margin: 0 15% 2% 15%;\">Para aqueles que desejam capturar as nuances do mundo.<\/p>\n<p style=\"margin: 0 15% 2% 15%;\"><a style=\"color: #5f8bca; text-decoration: underline;\" href=\"https:\/\/www.instagram.com\/giotto_portugal\" target=\"_blank\">Descobre Lyra Graduate no Instagram. Descobre um mundo de cores vivas.<\/a><\/p>\n","protected":false},"excerpt":{"rendered":"<p>Esta nova gama \u00e9 mais pr\u00f3xima de uma linguagem jovem. \u00c9 desenhada para entrar no cora\u00e7\u00e3o de todos os estudantes e designers entusiastas que querem ver o mundo de outra forma e \u00e9 para aqueles que cresceram na era digital. &hellip; <a href=\"https:\/\/www.fila.it\/pt\/en\/lyra_graduate\/\">Continued<\/a><\/p>\n","protected":false},"author":3,"featured_media":0,"parent":0,"menu_order":0,"comment_status":"closed","ping_status":"closed","template":"","meta":[],"acf":[],"_links":{"self":[{"href":"https:\/\/www.fila.it\/pt\/en\/wp-json\/wp\/v2\/pages\/30316"}],"collection":[{"href":"https:\/\/www.fila.it\/pt\/en\/wp-json\/wp\/v2\/pages"}],"about":[{"href":"https:\/\/www.fila.it\/pt\/en\/wp-json\/wp\/v2\/types\/page"}],"author":[{"embeddable":true,"href":"https:\/\/www.fila.it\/pt\/en\/wp-json\/wp\/v2\/users\/3"}],"replies":[{"embeddable":true,"href":"https:\/\/www.fila.it\/pt\/en\/wp-json\/wp\/v2\/comments?post=30316"}],"version-history":[{"count":0,"href":"https:\/\/www.fila.it\/pt\/en\/wp-json\/wp\/v2\/pages\/30316\/revisions"}],"wp:attachment":[{"href":"https:\/\/www.fila.it\/pt\/en\/wp-json\/wp\/v2\/media?parent=30316"}],"curies":[{"name":"wp","href":"https:\/\/api.w.org\/{rel}","templated":true}]}}

<p style="text-align: center;"><img loading="lazy" class="aligncenter size-full wp-image-25423" src="/up/sites/2/graduate_ic.jpg" alt="Lyra Graduate - A world of living colours" width="1920" height="1130" /></p>
<p style="margin: 0 15% 2% 15%;">Esta nova gama é <strong>mais próxima de uma linguagem jovem</strong>. É desenhada para entrar no coração de todos os <strong>estudantes e designers entusiastas</strong> que querem ver o mundo de outra forma e é para aqueles que cresceram na era digital.</p>
<p style="text-align: center;"><img loading="lazy" class="aligncenter wp-image-25425" src="/up/sites/2/graduate_prod_ic.jpg" alt="" width="666" height="128" /></p>
<p style="margin: 0 15% 2% 15%;">Com Lyra Graduate, os criativos vão conseguir expressar-se através de <strong>novos tons e ferramentas</strong>.</p>
<p style="margin: 0 15% 2% 15%;">A gama Lyra Graduate inclui:</p>
<ul style="margin: 0 15% 2% 15%;">
<li style="margin-bottom: 2%;"><strong>Lyra Graduate</strong><br />
Conjunto de <strong>lápis de cor de alta qualidade</strong>. Este lápis de cor possuem uma mina super resistente e super resistente com 3.8 mm. Fabricados com madeira de Cedro certificada PEFC, são muito fáceis de afiar, são disponíveis em caixas de cartão com 12 e 24 cores e em caixas de metal com 12, 24 e 36 cores.</li>
<li style="margin-bottom: 2%;"><strong>Lyra Graduate Acquarell</strong><br />
A última geração de <strong>lápis de cor aguareláveis fáceis de usar</strong>, •	para criar tons infinitos. Fabricados com madeira de Cedro certificada PEFC são muito fáceis de usar, mina com 3,3 mm super resistente. A embalagem inclui um pincel com pelo sintético, ideal para espalhar as cores. Disponíveis em caixas de metal com 12,24 e 36 cores.</li>
<li style="margin-bottom: 2%;"><strong>Lyra Graduate Fineliner</strong><br />
Os fineliners possuem uma <strong>ponta sintética super resistente</strong> que permite criar linhas limpas e precisas. Ideal para escrever, desenhar e sublinhar. O seu design único torna-os perfeitos para todas as ocasiões. Os fineliners contêm tinta à base de água e são disponíveis em 20 cores brilhantes. São disponíveis em caixas de metal com 10 e 20 cores, bolsas com 6,12 e 24 cores e também em versão unicolor.</li>
</ul>
<p style="margin: 0 15% 2% 15%;">Para aqueles que desejam capturar as nuances do mundo.</p>
<p style="margin: 0 15% 2% 15%;"><a style="color: #5f8bca; text-decoration: underline;" href="https://www.instagram.com/giotto_portugal" target="_blank">Descobre Lyra Graduate no Instagram. Descobre um mundo de cores vivas.</a></p>

<p>Esta nova gama é mais próxima de uma linguagem jovem. É desenhada para entrar no coração de todos os estudantes e designers entusiastas que querem ver o mundo de outra forma e é para aqueles que cresceram na era digital. &hellip; <a href="https://www.fila.it/pt/en/lyra_graduate/">Continued</a></p>
